{"id":1072,"date":"2021-04-12T05:27:18","date_gmt":"2021-04-12T05:27:18","guid":{"rendered":"http:\/\/xandregarrido.com\/index.php\/what-i-offer\/"},"modified":"2022-05-16T19:06:42","modified_gmt":"2022-05-16T19:06:42","slug":"que-ofrezo","status":"publish","type":"page","link":"https:\/\/xandregarrido.com\/index.php\/que-ofrezo\/","title":{"rendered":"Que ofrezo?"},"content":{"rendered":"\n<div class=\"wp-block-cover alignfull\" style=\"min-height:380px;aspect-ratio:unset;\"><span aria-hidden=\"true\" class=\"has-ast-global-color-2-background-color has-background-dim-100 wp-block-cover__gradient-background has-background-dim\"><\/span><div class=\"wp-block-cover__inner-container is-layout-flow wp-block-cover-is-layout-flow\">\n<h1 class=\"has-text-align-center has-white-color has-text-color wp-block-heading\">Formaci\u00f3n e divulgaci\u00f3n<\/h1>\n\n\n\n<p class=\"has-text-align-center has-text-color\" style=\"color:#9599a5\">Axenda unha palestra, un obradorio, ou contacta comigo para participar en debates e mesas redondas<\/p>\n<\/div><\/div>\n\n\n\n<hr class=\"wp-block-separator\"\/>\n\n\n\n<div class=\"wp-block-buttons is-horizontal is-content-justification-space-between is-layout-flex wp-container-core-buttons-is-layout-f200d7a0 wp-block-buttons-is-layout-flex\">\n<div class=\"wp-block-button\"><a class=\"wp-block-button__link\">Antropolox\u00eda de x\u00e9nero<\/a><\/div>\n\n\n\n<div class=\"wp-block-button\"><a class=\"wp-block-button__link\">Sa\u00fade sexual<\/a><\/div>\n\n\n\n<div class=\"wp-block-button\"><a class=\"wp-block-button__link\">X\u00e9nero<\/a><\/div>\n\n\n\n<div class=\"wp-block-button\"><a class=\"wp-block-button__link\">lgbtfobia<\/a><\/div>\n\n\n\n<div class=\"wp-block-button\"><a class=\"wp-block-button__link\">formaci\u00f3n de profesorado<\/a><\/div>\n\n\n\n<div class=\"wp-block-button\"><a class=\"wp-block-button__link\">identidade<\/a><\/div>\n\n\n\n<div class=\"wp-block-button\"><a class=\"wp-block-button__link\">sexualidade<\/a><\/div>\n\n\n\n<div class=\"wp-block-button\"><a class=\"wp-block-button__link\">dereitos humanos<\/a><\/div>\n\n\n\n<div class=\"wp-block-button\"><a class=\"wp-block-button__link\">ciencia<\/a><\/div>\n\n\n\n<div class=\"wp-block-button\"><a class=\"wp-block-button__link\">bioloxicismo<\/a><\/div>\n\n\n\n<div class=\"wp-block-button\"><a class=\"wp-block-button__link\">Etnograf\u00eda<\/a><\/div>\n\n\n\n<div class=\"wp-block-button\"><a class=\"wp-block-button__link\">diversidade<\/a><\/div>\n\n\n\n<div class=\"wp-block-button\"><a class=\"wp-block-button__link\">coeducaci\u00f3n<\/a><\/div>\n\n\n\n<div class=\"wp-block-button\"><a class=\"wp-block-button__link\">sexilio<\/a><\/div>\n\n\n\n<div class=\"wp-block-button\"><a class=\"wp-block-button__link\">vih<\/a><\/div>\n\n\n\n<div class=\"wp-block-button\"><a class=\"wp-block-button__link\">movementos sociais<\/a><\/div>\n<\/div>\n\n\n\n<hr class=\"wp-block-separator\"\/>\n\n\n\n<h2 class=\"wp-block-heading\">Palestras xa impartidas<\/h2>\n\n\n\n<div class=\"wp-block-media-text alignwide is-stacked-on-mobile is-image-fill\"><figure class=\"wp-block-media-text__media\" style=\"background-image:url(http:\/\/xandregarrido.com\/wp-content\/uploads\/2022\/05\/presentacion-nos-as-inadaptadas-952x1024.jpg);background-position:51% 17%\"><img loading=\"lazy\" decoding=\"async\" width=\"952\" height=\"1024\" src=\"http:\/\/xandregarrido.com\/wp-content\/uploads\/2022\/05\/presentacion-nos-as-inadaptadas-952x1024.jpg\" alt=\"Foto de xandre participando nun coloquio sobre o libro N\u00f3s as inadaptadas\" class=\"wp-image-1240 size-full\" srcset=\"https:\/\/xandregarrido.com\/wp-content\/uploads\/2022\/05\/presentacion-nos-as-inadaptadas-952x1024.jpg 952w, https:\/\/xandregarrido.com\/wp-content\/uploads\/2022\/05\/presentacion-nos-as-inadaptadas-279x300.jpg 279w, https:\/\/xandregarrido.com\/wp-content\/uploads\/2022\/05\/presentacion-nos-as-inadaptadas-768x826.jpg 768w, https:\/\/xandregarrido.com\/wp-content\/uploads\/2022\/05\/presentacion-nos-as-inadaptadas.jpg 1190w\" sizes=\"auto, (max-width: 952px) 100vw, 952px\" \/><\/figure><div class=\"wp-block-media-text__content\">\n<ul class=\"has-medium-font-size wp-block-list\"><li>Diversidade de x\u00e9nero: unha ollada transcultural<\/li><\/ul>\n\n\n\n<ul class=\"has-medium-font-size wp-block-list\"><li>Unha abordaxe non moralizante da sa\u00fade sexual<\/li><\/ul>\n\n\n\n<ul class=\"has-medium-font-size wp-block-list\"><li>Unha ollada cr\u00edtica \u00e1s identidades LGBT+<\/li><\/ul>\n\n\n\n<ul class=\"has-medium-font-size wp-block-list\"><li>A formaci\u00f3n do profesorado en atenci\u00f3n \u00e1 diversidade de x\u00e9nero e orientaci\u00f3n sexual<\/li><\/ul>\n\n\n\n<ul class=\"has-medium-font-size wp-block-list\"><li>LGBTfobia: tipos, causas e como combatela (adaptable a distintos niveis educativos)<\/li><\/ul>\n\n\n\n<ul class=\"has-medium-font-size wp-block-list\"><li>Sa\u00fade sexual non cisheterosexista (adaptable a distintos niveis educativos)<\/li><\/ul>\n\n\n\n<ul class=\"has-medium-font-size wp-block-list\"><li>Colectivo LGBT+ e dereitos humanos (ensino medio)<\/li><\/ul>\n\n\n\n<ul class=\"has-medium-font-size wp-block-list\"><li>Identidade e sexualidade (ensino medio)<\/li><\/ul>\n<\/div><\/div>\n\n\n\n<hr class=\"wp-block-separator\"\/>\n\n\n\n<div class=\"wp-block-cover alignfull\" style=\"min-height:380px;aspect-ratio:unset;\"><span aria-hidden=\"true\" class=\"has-ast-global-color-2-background-color has-background-dim-100 wp-block-cover__gradient-background has-background-dim\"><\/span><div class=\"wp-block-cover__inner-container is-layout-flow wp-block-cover-is-layout-flow\">\n<h1 class=\"has-text-align-center has-white-color has-text-color wp-block-heading\">Asesor\u00eda<\/h1>\n\n\n\n<p class=\"has-text-align-center has-text-color\" style=\"color:#9599a5\">Contacta comigo para consultas e asesoramento en materias relacionadas con x\u00e9nero, persoas LGBT+ ou sa\u00fade sexual<\/p>\n<\/div><\/div>\n\n\n\n<hr class=\"wp-block-separator\"\/>\n\n\n\n<div class=\"wp-block-group alignfull has-ast-global-color-5-background-color has-background is-layout-flow wp-block-group-is-layout-flow\">\n<div class=\"wp-block-group has-ast-global-color-5-background-color has-background is-layout-flow wp-block-group-is-layout-flow\">\n<h2 class=\"wp-block-heading\">Asesor\u00eda a instituci\u00f3ns e empresas<\/h2>\n\n\n\n<p>Queres desenvolver alg\u00fan tipo de pol\u00edtica destinada \u00e1 inclusi\u00f3n do colectivo LGBT+ ou a combater a LGBTfobia nalg\u00fan eido? Podes po\u00f1erte en contacto comigo para axudarche a dese\u00f1ala do xeito m\u00e1is eficiente e efectivo posible.<\/p>\n\n\n\n<h2 class=\"wp-block-heading\">Lectura de sensibilidade<\/h2>\n\n\n\n<p>A lectura de sensibilidade \u00e9 un recurso de grande utilidade \u00e1 hora de publicar textos ou elaborar productos audiovisuais nos que se fai referencia a colectivos marxinalizados. Co fin de que as t\u00faas publicaci\u00f3ns sexan m\u00e1is inclusivas e non firan ningunha sensibilidade \u00e9 moi recomendable que contactes con algu\u00e9n con experiencia na \u00e1rea para que faga unha lectura de sensibilidade e detecte terminolox\u00eda, expresi\u00f3ns, ou narrativas que poidan ser problem\u00e1ticas. Sempre vai ser m\u00e1is barato contratar unha lectura de sensibilidade que retirar un texto publicado en papel ou unha campa\u00f1a publicitaria. No meu caso fago este servizo en relaci\u00f3n con cuesti\u00f3ns de x\u00e9nero, LGBT+ e neurodiverxencias, m\u00e1is a mi\u00f1a formaci\u00f3n en Antropolox\u00eda Social e Cultural implica que seguramente detecte cuesti\u00f3ns sensibles en moitos outros eidos.<\/p>\n<\/div>\n<\/div>\n\n\n\n<p><\/p>\n","protected":false},"excerpt":{"rendered":"<p>Palestras xa impartidas Diversidade de x\u00e9nero: unha ollada transcultural Unha abordaxe non moralizante da sa\u00fade sexual Unha ollada cr\u00edtica \u00e1s identidades LGBT+ A formaci\u00f3n do profesorado en atenci\u00f3n \u00e1 diversidade de x\u00e9nero e orientaci\u00f3n sexual LGBTfobia: tipos, causas e como combatela (adaptable a distintos niveis educativos) Sa\u00fade sexual non cisheterosexista (adaptable a distintos niveis educativos) [&hellip;]<\/p>\n","protected":false},"author":1,"featured_media":0,"parent":0,"menu_order":0,"comment_status":"closed","ping_status":"closed","template":"","meta":{"om_disable_all_campaigns":false,"_monsterinsights_skip_tracking":false,"_monsterinsights_sitenote_active":false,"_monsterinsights_sitenote_note":"","_monsterinsights_sitenote_category":0,"site-sidebar-layout":"no-sidebar","site-content-layout":"plain-container","ast-site-content-layout":"default","site-content-style":"default","site-sidebar-style":"default","ast-global-header-display":"","ast-banner-title-visibility":"","ast-main-header-display":"","ast-hfb-above-header-display":"","ast-hfb-below-header-display":"","ast-hfb-mobile-header-display":"","site-post-title":"disabled","ast-breadcrumbs-content":"disabled","ast-featured-img":"disabled","footer-sml-layout":"","theme-transparent-header-meta":"enabled","adv-header-id-meta":"","stick-header-meta":"","header-above-stick-meta":"","header-main-stick-meta":"","header-below-stick-meta":"","astra-migrate-meta-layouts":"default","ast-page-background-enabled":"default","ast-page-background-meta":{"desktop":{"background-color":"var(--ast-global-color-4)","background-image":"","background-repeat":"repeat","background-position":"center center","background-size":"auto","background-attachment":"scroll","background-type":"","background-media":"","overlay-type":"","overlay-color":"","overlay-opacity":"","overlay-gradient":""},"tablet":{"background-color":"","background-image":"","background-repeat":"repeat","background-position":"center center","background-size":"auto","background-attachment":"scroll","background-type":"","background-media":"","overlay-type":"","overlay-color":"","overlay-opacity":"","overlay-gradient":""},"mobile":{"background-color":"","background-image":"","background-repeat":"repeat","background-position":"center center","background-size":"auto","background-attachment":"scroll","background-type":"","background-media":"","overlay-type":"","overlay-color":"","overlay-opacity":"","overlay-gradient":""}},"ast-content-background-meta":{"desktop":{"background-color":"var(--ast-global-color-5)","background-image":"","background-repeat":"repeat","background-position":"center center","background-size":"auto","background-attachment":"scroll","background-type":"","background-media":"","overlay-type":"","overlay-color":"","overlay-opacity":"","overlay-gradient":""},"tablet":{"background-color":"var(--ast-global-color-5)","background-image":"","background-repeat":"repeat","background-position":"center center","background-size":"auto","background-attachment":"scroll","background-type":"","background-media":"","overlay-type":"","overlay-color":"","overlay-opacity":"","overlay-gradient":""},"mobile":{"background-color":"var(--ast-global-color-5)","background-image":"","background-repeat":"repeat","background-position":"center center","background-size":"auto","background-attachment":"scroll","background-type":"","background-media":"","overlay-type":"","overlay-color":"","overlay-opacity":"","overlay-gradient":""}},"footnotes":""},"class_list":["post-1072","page","type-page","status-publish","hentry"],"aioseo_notices":[],"_links":{"self":[{"href":"https:\/\/xandregarrido.com\/index.php\/wp-json\/wp\/v2\/pages\/1072","targetHints":{"allow":["GET"]}}],"collection":[{"href":"https:\/\/xandregarrido.com\/index.php\/wp-json\/wp\/v2\/pages"}],"about":[{"href":"https:\/\/xandregarrido.com\/index.php\/wp-json\/wp\/v2\/types\/page"}],"author":[{"embeddable":true,"href":"https:\/\/xandregarrido.com\/index.php\/wp-json\/wp\/v2\/users\/1"}],"replies":[{"embeddable":true,"href":"https:\/\/xandregarrido.com\/index.php\/wp-json\/wp\/v2\/comments?post=1072"}],"version-history":[{"count":11,"href":"https:\/\/xandregarrido.com\/index.php\/wp-json\/wp\/v2\/pages\/1072\/revisions"}],"predecessor-version":[{"id":1276,"href":"https:\/\/xandregarrido.com\/index.php\/wp-json\/wp\/v2\/pages\/1072\/revisions\/1276"}],"wp:attachment":[{"href":"https:\/\/xandregarrido.com\/index.php\/wp-json\/wp\/v2\/media?parent=1072"}],"curies":[{"name":"wp","href":"https:\/\/api.w.org\/{rel}","templated":true}]}}